ose -57*x + 23*x + 457821 = 9*x. What is the ten thousands digit of x?
1
Let h = 5 - 2. Suppose -5*l = z + 5, 0 = -h*z - 4*l + 21 + 8. What is the tens digit of 293 - (-18)/z*5/(-2)?
9
Let a be (-40722)/55 + (-9)/15. Let o = 1082 + a. What is the tens digit of o?
4
Suppose -3*f = 5*o - 166728, -4*f - 210460 = -5*o - 43774. What is the units digit of o?
2
Let q(c) = -68*c**2 + 4*c - 12. Let i be q(2). Suppose d + 1134 = 2*h, 5*d - 2296 = -2*h - 2*h. Let m = h + i. What is the tens digit of m?
9
Suppose 20*u + 2*w = 13*u + 116762, 66723 = 4*u + 3*w. What is the hundreds digit of u?
6
Let w = -25326 + 47229. What is the hundreds digit of w?
9
Suppose 910*g - 917*g = -1484. Suppose 2*q = 8, -6*h = -5*h - 3*q - g. What is the units digit of h?
4
Let c = 64 - 66. What is the units digit of c/4*-2*(0 + 367)?
7
Suppose 4786*o = 4772*o + 606144. What is the thousands digit of o?
3
Let p = -565 + 676. Let c = 137 + p. What is the hundreds digit of c?
2
Suppose 4*o - 17 = 5*u, -2*o + 0 + 11 = -5*u. Suppose -57 = -31*h - 26*h. What is the units digit of 2 - (h + 1)*u?
4
Suppose -1819 = 3*s - 247. Let j = -251 - s. What is the units digit of j?
3
Suppose 0 = -3*g - 12, 0 = -2*a - 3*g + 11526 + 1296. What is the hundreds digit of a?
4
Let v be (318/(-12))/(2/(-32)). Let i = v + -229. Suppose -5*p + n = -4*n - i, -5*n = 0. What is the units digit of p?
9
Suppose 0 = -3*q + 62*i - 65*i + 31182, -4*i = 3*q - 31188. What is the units digit of q?
8
Let a = 631 + -170. Let v = a - 262. Suppose -4*g - m = -v, 0 = 3*g + 3*m - 33 - 123. What is the tens digit of g?
4
Suppose 2*o - 2*p - 3868 = 0, 18*p - 19*p = -4*o + 7739. Suppose -3*u - 469 = -4*n - 2386, 0 = 3*u + 2*n - o. What is the hundreds digit of u?
6
Let o be ((-2)/(-4))/((-22)/44). What is the hundreds digit of ((-132)/(-110))/(2/(-220)*o)?
1
Let h(i) = -2*i**2 + 14*i - 10. Let v be h(6). Suppose -5*q - x = -200, 0 = -2*q + v*x + 40 + 28. What is the units digit of q?
9
Let l = 34933 - 15725. What is the tens digit of l?
0
Let m(z) = z - 1. Let n(r) = 4*r - 88. Let q(p) = 8*m(p) - n(p). Let a be q(0). Let t = a - 9. What is the units digit of t?
1
What is the thousands digit of (31458/(-882))/((-1)/501)?
7
Suppose 271574 + 350915 = 119*i. What is the hundreds digit of i?
2
Let i be 5 + -5*(-5)/25. Suppose -i*s + 425 + 9751 = 0. What is the units digit of s?
6
Let y = 297 - 538. Let l = 146 + y. Let s = -47 - l. What is the units digit of s?
8
Let j(x) = 59*x**2 - 715*x - 33. What is the tens digit of j(14)?
2
Let l be ((-15)/(-6))/(-5)*(-1 + -21). Suppose -l*o = -8*o - 3135. What is the units digit of o?
5
Let x = 4086 + 1146. What is the units digit of x?
2
Let l be 4490/3 + (-1)/(9/6). What is the units digit of l + (-1)/(-9)*0?
6
Suppose 17*c - 90 - 148 = 0. Let m be 715/(-26)*(-8)/10. Suppose -c*r = -m*r + 2248. What is the units digit of r?
1
Let g(v) = 28*v + 247. Let o(b) = -19*b - 164. Let l(u) = 5*g(u) + 7*o(u). What is the units digit of l(24)?
5
Let t = 121 + -94. What is the units digit of t + 5 + 1 + -9?
4
Suppose -5*h + 90 = 3*s, 2*s - 38 = -2*h + 6*h. Let j be ((-1)/2 - -1)/(s/(-5100)). Let o = -29 - j. What is the units digit of o?
3
Let y(c) = 13591*c - 3613. What is the hundreds digit of y(2)?
5
Let a(i) = -9144*i + 467. What is the tens digit of a(-2)?
5
Suppose 3*q + 3*j + 15 = 0, -5*q = j + 15 - 2. Let d = 12 + -13. What is the hundreds digit of (d - q)*(-1*218)/(-1)?
2
Let d = 117 + -108. Suppose -d*o + 51*o = 17976. What is the hundreds digit of o?
4
Suppose 0 = -2*j + 7*j. Let r(d) = d**2 + 71 - 835*d - d**3 + 835*d. What is the tens digit of r(j)?
7
Let k be (11 - -5)/8*(2 + 2). Suppose 0 = 2*a + b - 392, 0 = -3*b + b - k. What is the tens digit of a?
9
Suppose -w + 158 = 150. Let z be (-2)/(-8) - (-86)/w. What is the units digit of z - ((-6)/(-2) - (0 + 0))?
8
Suppose -22 + 18 = -q. Suppose 2*n - 1437 = -b, -2*b - q*n - 7213 = -7*b. What is the units digit of b?
1
Let x = 706 - 698. What is the thousands digit of 6695/(-3 + x) + -4?
1
Suppose 4*o + 37*o = 2296. Suppose -o*k - 17920 = -76*k. What is the hundreds digit of k?
8
What is the units digit of (-157198)/(-3) - (722/57)/(-19)?
0
Suppose -9 + 1 = 2*a - 4*c, -2*a + 32 = 4*c. What is the tens digit of (1 - a) + (8 - -403)?
0
Let n(x) = -x**3 - 7*x**2 - 4*x - 8. Let q be n(-6). Let g = -32 - q. What is the tens digit of (0 - 1)/(g/492)?
4
Let j be (-3 - -6 - 8/2) + 4244. Suppose a - 6*d - 844 = -d, 5*a - 2*d = j. What is the units digit of a?
9
What is the tens digit of (4/(-6) - (-5516)/3) + (39 - 45)?
3
Let t be 0/(-1 - (2 + -1)). Suppose t = 2*r + 12 - 18. Suppose -d - 8*o + r*o + 83 = 0, -2*d = 2*o - 126. What is the units digit of d?
8
Let g = 180634 - 107694. What is the thousands digit of g?
2
Suppose 48*n = 11*n + 410996. What is the units digit of n?
8
Suppose -18*b + 20015 = -58699. Suppose -12*p - 77 = -b. What is the tens digit of p?
5
What is the units digit of 9621994/2149 + 4/7?
8
Suppose 0 = k - 4*g - 0*g + 24, -4*k - g - 96 = 0. Let w be 1289/6 + (-3)/(-18). Let p = w + k. What is the hundreds digit of p?
1
Suppose -3*b - 7*b = -40. Let a(f) = -f**2 - 9*f - 9. Let p be a(-8). What is the units digit of 47 - ((-2 - p) + b)?
4
Let q = 5191 + 4367. What is the tens digit of q?
5
Suppose 0*x = 11*x - 4939. Let l = x - 428. What is the tens digit of l?
2
Let w = 7323 + -4695. What is the hundreds digit of w?
6
Suppose -5*z + 48 = -3*q, 3*z + 0*q + q = 40. Let l be (z/9)/(-2)*6. What is the units digit of (-170)/l*16/8?
5
What is the tens digit of 11558 + (1*-4)/((-23)/((-1265)/(-44)))?
6
Let h(m) = -41480*m**3 + 6*m**2 + 4*m - 3. What is the ten thousands digit of h(-1)?
4
Suppose -3*r + t - 3783 = -11207, -5*r + 5*t = -12390. What is the hundreds digit of r?
4
What is the thousands digit of -7 - 2/(-3*(-1)/(-59595))?
9
Suppose 4*k + 14*b = 18*b + 55728, k - 2*b - 13937 = 0. What is the ten thousands digit of k?
1
Let w be (-394440)/(-108) - 2/9. Suppose 7*h - 18*h = -w. What is the units digit of h?
2
Suppose -15766 = -19*x - 2542. Suppose 2*f + 28 = -3*k + x, -3*k + 3*f = -693. What is the units digit of k?
6
Let h(n) = -n + 19. Let o be h(13). Suppose c = -3*z - o, -2*c - z + 2*z + 16 = 0. Let r(l) = 2*l**3 - 5*l**2 - 6*l + 27. What is the tens digit of r(c)?
4
Let g = 813 - 391. Let x = -278 + g. What is the units digit of x?
4
Suppose 0 = -4*h - 28, -4*t + 1852 + 609 = 5*h. Let j be (0 + -1)/(2/730). Let b = j + t. What is the tens digit of b?
5
Let h be ((-24)/3)/(-8) + (-2 - 1). What is the units digit of h/4 + 3 + 759/2?
2
Let j(t) = 86*t - 353. What is the tens digit of j(8)?
3
Let c(o) = 2*o + o**2 - 24*o**3 + 13*o**3 + 12*o**3 - 19. What is the units digit of c(4)?
9
Suppose -2*o - 65 = -15. Let l be (-7 - (-6 + 2))/((-1)/o). Let x = l - -174. What is the units digit of x?
9
Suppose -15*z - 77917 = -17*z - 14451. What is the tens digit of z?
3
Let q(d) = 9071*d - 38. Let z be q(3). Suppose -4873 = 14*t - z. What is the thousands digit of t?
1
What is the units digit of 1/2 + ((-167562)/(-4))/9?
5
Let f = -48356 - -75708. What is the units digit of f?
2
Let b(g) = 5 + 4*g + 21*g**2 + 37*g**2 - 1 - 12*g**2. What is the units digit of b(-3)?
6
Let k(j) = -9*j**3 - 2*j + 1. Let v be k(1). Let d = 1252 + -1032. What is the units digit of d/25 + (-2)/v?
9
Suppose -5*b = -3*b - 4, b = 5*i - 153. Suppose 6*s - i = -2*z + 3*s, 0 = -z - 3*s + 8. Let y = z + -8. What is the tens digit of y?
1
Suppose 2*j - 2 = 2*l, -4*l - 2*j + 16 = l. Suppose 2*i = 2*s - 1016, l*i - 10 = 4*i. What is the tens digit of s?
0
Let j(m) = -6*m**2 - 3*m + 26. Let a(u) = 12*u**2 + 6*u - 51. Let t(b) = -2*a(b) - 5*j(b). What is the units digit of t(8)?
0
Suppose -2 = 4*b - 18. Let c(v) = 4*v**3 - 50 - 3*v**2 + 108 - 59 - 2*v**2 - 6*v. What is the tens digit of c(b)?
5
Let j be (0 - 10/5)/(8/(-724)). Let g = 435 + j. What is the tens digit of g?
1
Let j be 59/6 - (-7)/(45 + -3). Let h = 74 + j. Suppose -8*m = -6*m - h. What is the units digit of m?
2
Let g = -1376 - -4621. What is the hundreds digit of g?
2
Let d = 10401 - 4926. Suppose 6*h - d = -19*h. What is the units digit of h?
9
Suppose -5*u = -6*b + 4*b - 82, 34 = u + 4*b. Let q be (-3)/u + 15/(-18) - 8. What is the tens digit of (1 - 524/(-10)) + q/(-15)?
5
Let n = 42271 + -198